pose -3*t + 838 = h*r, -627 = -2*r + t - 203. Is r composite?
False
Let t(p) be the first derivative of -69*p**4/2 - 5*p**3/3 - 31*p**2/2 - 121*p - 286. Is t(-5) a composite number?
False
Suppose 0 = 4*b + a + 8, 5*a - 43 = -23. Is (-1801 + 2 + -2)/(2 + b) prime?
True
Suppose -2*q + 65 = 197. Let g be 19294/q*(-6)/(1 - -1). Suppose i + g = 2*i. Is i composite?
False
Is 16107987/222*(68/70 - (-6)/(-15)) composite?
True
Let m(p) be the third derivative of p**6/120 - 7*p**5/30 + 7*p**4/12 - 11*p**3/3 - 3*p**2. Let a be m(15). Suppose -q - a = -2*q. Is q composite?
True
Let v(s) = -s - 2. Let r be v(-7). Suppose -r*o + 9*o - 620 = 0. Is 2 + 0 + (o - -2) a composite number?
True
Let y = 117 - 113. Suppose 2*l + 20285 = 3*b, -y*b - b = -l - 33806. Is b a prime number?
True
Let l(k) = 18 - 5 + 204*k**2 - 6*k + 223*k**2. Is l(2) a composite number?
False
Let k = -2015 - -2824. Is k a composite number?
False
Let a = -157376 - -309963. Is a a prime number?
False
Let w be 13/(273/14)*30. Suppose 26*o - 12426 = w*o. Is o a prime number?
False
Let j = -38 + 42. Suppose -4*i = -i + 3, -4*t = -j*i - 2388. Suppose -2*s = -4*s, 2*b = -5*s + t. Is b prime?
False
Let u = 238972 - 67089. Is u composite?
True
Let o(g) = g**2 - 7*g + 8. Let a be o(6). Is -23938*6/(-36) + a/(-3) prime?
True
Let u(f) = 1 - 52 + 47*f - f**3 + 33*f + 37*f - 23*f + 43*f**2. Is u(34) composite?
True
Suppose k - 8*w = -5*w + 101957, 0 = 4*k + 2*w - 407828. Is k a prime number?
True
Suppose 0 = 42*f - 13*f - 1195438. Is f a composite number?
True
Suppose 0 = -2*u + 158 - 48. Suppose 16*i - 5*i = u. Suppose i*q - 5976 = 89. Is q prime?
True
Suppose 29 = 2*i + 23, -g + 320867 = 2*i. Is g a composite number?
False
Suppose 0 = -r + 2*h + 26 - 13, -23 = -r + 4*h. Let q(d) be the third derivative of d**6/15 + d**5/30 - 3*d**4/8 + d**3 - d**2. Is q(r) prime?
False
Suppose -1137261 = -2*k - 5*l, 2*k = 7*l - 8*l + 1137281. Is k composite?
False
Let n be (10/6 - 3) + (-8288)/(-6). Suppose -38479 = -23*t + n. Is t a composite number?
False
Suppose -9*c + 3*i = -4*c - 195727, 0 = -3*c - 5*i + 117409. Suppose -5760 = 19*d - c. Is d prime?
False
Suppose 106481 = 3*t - 2*o, -62248 - 8723 = -2*t - o. Is t composite?
True
Let w = 28 + -24. Suppose 2*v - m = -2*m, -22 = 3*v - w*m. Is v/(-2)*(18 - 5) a composite number?
False
Suppose 4*g = 2*d + g + 428, 3*d + 642 = -3*g. Let i = d + 537. Is i a composite number?
True
Is 316340*-18*(-16)/1152 a composite number?
True
Let b = 135 - 133. Suppose -b*r = -4395 - 4591. Is r composite?
False
Suppose -3*u - 138064 = -5*z, -5*z - 2277 = 3*u - 140323. Is z a prime number?
True
Let h(p) be the third derivative of -13*p**5/120 + p**4/24 - 7*p**3/2 + p**2. Let c(v) be the first derivative of h(v). Is c(-12) a prime number?
True
Let f be -4*155/(-14) - 30/105. Let c = 44 - f. Suppose 4*w - 2575 - 429 = c. Is w a prime number?
True
Suppose 7*l - 4*l + 60 = 0. Let n be (l/5 - -5) + 1080. Suppose 38 = 3*i - n. Is i a prime number?
True
Let k(q) = q**3 + 3*q**2 + 3*q + 1. Let v(u) = 2*u + 3. Let r be v(-2). Let t be k(r). Let g(i) = i**3 - 2*i + 997. Is g(t) prime?
True
Is (-282548)/(-2)*143/286 composite?
True
Suppose -6*q + 19*q = 6*q + 2211293. Is q prime?
True
Suppose 4*r = -2*t + 14, -3 + 7 = -4*t. Suppose -8*g = 3*j - r*g - 14521, 9719 = 2*j - 5*g. Is j composite?
True
Suppose 2*a + 36 = 5*y, 3*a - 6 = -4*y + 9. Suppose y*q - q - 5487 = -2*c, -4*c = q - 1101. Is q a composite number?
False
Let k = -10331 - -4491. Let r = k + 8877. Is r composite?
False
Suppose 3*p - 16797 = 3*a + 549684, 0 = -a - 0*a. Is p a prime number?
True
Let c(k) = -80*k**3 + k**2 - 11*k - 21. Let u be c(-5). Is (u/18 - 0) + (-8)/(-48) composite?
True
Let z = 2890 + -2887. Let b(a) = 25*a - 6. Let y be b(4). Suppose -z*m = -y - 2411. Is m composite?
True
Suppose -12050910 + 14112327 + 19541449 = 158*m. Is m a composite number?
False
Let i(v) = -932*v + 24. Let k = 58 + -65. Let u be i(k). Suppose -4*s - b - b + u = 0, b = 3*s - 4911. Is s prime?
True
Suppose 0 = -2*q - 5*t - 3 - 17, 0 = 2*t. Let x(o) = -19*o + 105. Is x(q) a prime number?
False
Let r(f) = 10*f - 6. Let w be r(1). Suppose w*j - 9227 = -3*d, -j - 2*d = -0*j - 2303. Is j*1 - (21 - 17) composite?
True
Let b be -29*((-20)/(-4) - 4). Let c = b + 33. Suppose 0 = c*g - 2028 - 320. Is g a prime number?
True
Let s = 445 - 432. Is s + -11 + 14444/(-2 - -6) a prime number?
True
Is 7/(-56) + 3680484/32 a prime number?
False
Let l = -139051 + 196554. Is l a composite number?
False
Let h(i) = 0*i - 2 + 3*i - 6 - 2. Let f be h(4). Suppose -j + f*j - 5*o - 106 = 0, -5*o - 469 = -4*j. Is j composite?
True
Let t be (-4 - -5) + 1*157*2. Let k be 9/(t/(-10)) + 340/14. Suppose 3*s - 6 - k = 0. Is s a prime number?
False
Is (-1 - 176976)*(-11 + -11 + 21) composite?
False
Let d = -7 - -22. Suppose 5*s = -j - 4*j - d, 8 = -j - 2*s. Suppose -2*u + 198 = -2*k - 2*k, -j*u = 3*k - 191. Is u a prime number?
True
Suppose 39*o - 3296294 - 106495 = 0. Is o prime?
True
Let p = 6936 - 2976. Suppose 4*j = -0*j - p. Let h = -571 - j. Is h a composite number?
False
Let z = 281 - 290. Is 545 + z/(63/28) a composite number?
False
Suppose -3*q - 24 = 4*w, 0*q + 5*w = -3*q - 27. Is -12*18/(-12)*11 + q composite?
True
Let j(x) = 20706*x - 12. Let i be j(1). Suppose -27*u + 52341 + i = 0. Is u a composite number?
True
Let f = -80279 + 157186. Is f a prime number?
True
Suppose -84604 = -n + l - 6*l, 5*n - 423120 = -5*l. Is n a prime number?
True
Let z be 16/6*-25*(-30)/100. Let h(t) = -2*t**2 + 56*t - 13. Is h(z) a prime number?
True
Let c(k) = 55*k**2 - 198*k + 6218. Is c(93) a composite number?
True
Let v be (4 + (0 - 4))*3/(-6). Suppose 2*r - j = 24103, 0 = -r - v*j - 4*j + 12029. Is r a composite number?
False
Suppose 6788 + 3235 = -3*o + 3*i, 2*i = 6. Suppose 5415 = 20*y + 42635. Let r = y - o. Is r prime?
False
Let f = -533 - -364. Let j = f - -2130. Is j prime?
False
Let w(u) = 17378*u**3 + u**2 - 11*u + 9. Is w(1) composite?
False
Suppose -4*x + 4*a = 34556, 0 = -2*x + 5*a - 4*a - 17276. Let s = x + 29798. Is s a composite number?
True
Let h be -10743 + -71 - (-5 - 2/(-1)). Let x = h - -19788. Is x a prime number?
False
Let v(b) = 8*b**3 - 9*b**2 - 25*b - 22. Let f be v(14). Let j = f + -4530. Is j prime?
False
Let n be 4 + (-3 - 2) + (94273 - 3). Suppose 81*u = 102*u - n. Is u composite?
True
Let w(v) be the third derivative of 181*v**4/12 - 25*v**3/2 - 4*v**2. Is w(19) prime?
True
Let z be 826/4*(-38)/(-133). Let w = 2188 - z. Is w prime?
True
Let n(v) be the third derivative of v**6/120 + 5*v**5/12 + v**4/8 - 25*v**3/6 - 123*v**2. Is n(-20) composite?
True
Let k be 3/(-2)*16/6. Let s be (-15)/k - 6/(-24). Suppose 4*p - 3*a = 2020, 4*p - s*a + 0*a = 2020. Is p prime?
False
Let x = 425414 + -215845. Is x a composite number?
False
Let n(k) = 13*k - 62. Let m be n(5). Is 7546/6 + 4/m a prime number?
True
Let j(p) = p**2 + 2*p. Let l be j(-3). Let u(k) = -72*k - 33. Let n(h) = 17*h + 8. Let r(v) = 9*n(v) + 2*u(v). Is r(l) prime?
False
Suppose 15*y - 10576 = 171404. Let z = -7805 + y. Is z a prime number?
True
Suppose 2595558 = 50*b - 776792. Is b prime?
True
Let p(r) = -r**3 + 10*r**2 - 12*r - 1. Let t(o) = 4*o**3 - 40*o**2 + 49*o + 3. Let u(d) = 9*p(d) + 2*t(d). Let x = -25 - -32. Is u(x) prime?
False
Let k = -23784 + 34277. Suppose -3*i = -9, k = n + 4*i - 11172. Is n a composite number?
True
Let y be (378/(-72))/(3/(-28)). Suppose 5*k - y = -34. Is ((-1335)/10)/(k/(-10)) a prime number?
False
Suppose -2*h - 18125 = -2*r - 3*h, 18110 = 2*r + 4*h. Let f = r + -4956. Is f a composite number?
True
Let i be (0 - (5 + -2))/(2 - 3). Let l(c) = 2 + 64*c**3 + 61*c**3 - 4*c + 2*c**2 - 28*c**i. Is l(1) composite?
False
Let h = -260 + 274. Suppose -15*w + 12905 = h*w. Is w a prime number?
False
Let r = 23027 - 19594. Is r a prime number?
True
Suppose -4*b + 40*z + 903275 = 39*z, 5*b = -2*z + 1129071. Is b a composite number?
True
Let c(q) = -q**3 + 3*q**2 + 3*q + 9. Let l(i) = i**3 + 9*i**2 + 2*i - 9. Let h be l(-8). Let z = h + -47. Is c(z) composite?
True
Let u(z) = 284*z**2 - 146*z + 3303. Is u(20) a composite number?
False
Suppose 453018 = 38*p - 184113 - 321571. Is p a composite number?
False
Let m(n) = -34*n - 177. Is m(-31) a composite number?
False
Let r(u) = 4*u*